 u.
10
Let m = 277 - 277. Suppose -a + m*q - 4*q = -28, 5*a - 4*q = 212. What is the remainder when a is divided by 29?
11
Let q(p) = p**3 - 3*p**2 + 4*p - 1. Suppose -5*j = 5*a - 1304 - 801, 872 = 2*a - 4*j. Suppose -2*y - a = -460. What is the remainder when y is divided by q(3)?
6
Let k(j) = j**3 - 19*j**2 + 50*j - 33. Let h be k(16). Suppose -32 = 4*f - 3*f. What is the remainder when 52 is divided by (h + -5)*48/f?
7
Suppose 0 = -174*a + 150*a + 3408. What is the remainder when a is divided by 29?
26
Suppose b - 4*b - 264 = 0. Let x = 83 + b. Calculate the remainder when -3 + 3 - (-24 - x) is divided by 11.
8
Let h(a) = -a**3 + 3*a - 2. Suppose 4*p + 6 = 2*p. Let t(w) = -6*w**2 + 32*w - 6. What is the remainder when h(p) is divided by t(5)?
0
Let w(o) = o**3 + 2*o**2 + 3*o + 2. Let s be w(-3). Let y be (-59)/5 - (27/(-15) - -2). What is the remainder when 8 is divided by (12/s)/(3/y)?
2
Let k(i) = -i**3 - 82*i**2 - 320*i - 45. Calculate the remainder when k(-78) is divided by 364.
215
Let h = 3009 + -2323. Calculate the remainder when h is divided by 63.
56
Suppose -47*x + 50*x - 4003 = -5*l, 4*l - 3208 = -x. Calculate the remainder when l is divided by 155.
28
Suppose m + 984 = 2*y + 235, 740 = 2*y - 4*m. Let k = -373 + y. What is the remainder when 3 is divided by k?
0
Let u(l) = 2*l**2 + 23*l - 26. Suppose 137*c - 78 = 143*c. Let m = 124 - 86. Calculate the remainder when m is divided by u(c).
12
Suppose 0 = 41*m - 42*m. Suppose 5*d - 1425 = -5*w, d + 570 = 2*w - m*d. What is the remainder when w is divided by 22?
21
Suppose -10*i + 219 = -6*i + 3*n, -5*i + 279 = 2*n. Let v = -58 + i. Calculate the remainder when 35 is divided by 25 + v*(-1 + 4 + 0).
13
Suppose 0 = -4*d + 16 + 200. Suppose 17*b + 14 - 252 = 0. Let l(q) = -2*q**2 + 27*q + 25. What is the remainder when d is divided by l(b)?
10
Suppose 97*g + 648 - 4334 = 0. Let l = 17 + 6. What is the remainder when g is divided by l?
15
Let f(l) = 133*l - 3. Calculate the remainder when f(9) is divided by 13.
11
Let y = -299 + 317. Suppose -520 = -23*h + y*h. Calculate the remainder when h is divided by 53.
51
Let k(a) = -42*a - 292. Let o be k(5). Let t = -473 - o. Calculate the remainder when t is divided by 11.
7
Let l = -141 - -141. Suppose 2*o + 5*r = 102, 2*o - 3*r - 70 = -l*r. What is the remainder when 120 is divided by o?
38
Suppose -473 = 15*q - 52*q - 29. Calculate the remainder when 2746 is divided by q.
10
Let v be 49/(-4) - 5/(-20). Let h be (-2 - 48) + v/(-8)*-2. Let b = h - -99. Calculate the remainder when b is divided by 17.
12
Suppose -582*q + 4726 = -548*q. Calculate the remainder when q is divided by 54.
31
What is the remainder when 736 is divided by ((-45)/10)/(-9)*-10 + 80?
61
Let x(c) = -4*c - 12. Let d(v) = -v**3 + 13*v**2 - 34*v - 10. What is the remainder when d(7) is divided by x(-5)?
6
Suppose g - 7 = 0, 4*c - 468 + 0 = -4*g. What is the remainder when 9126 is divided by c?
106
Suppose -4*j + 4*k + 380 = 0, 3*j + 3*k - 49 = 200. Calculate the remainder when 274 is divided by j.
7
Let l = 4 + 8. Calculate the remainder when 66/11*15/2 is divided by l.
9
Let f = -241 - -171. Calculate the remainder when 16 is divided by f/(-7) - 3 - 4.
1
Let u be 290/8 - (-10 + (-135)/(-12)). Suppose u - 161 = -21*o. What is the remainder when 196 is divided by o?
4
Let v be (-1 - -1) + (-13)/(91/(-616)). Let n = v - 48. Let b = 54 - n. Calculate the remainder when 36 is divided by b.
8
Suppose 0 = q - 6*q + 4*j - 28, 3*j + 25 = -2*q. What is the remainder when (q/(112/133))/((-2)/4) is divided by (-66)/(-4)*(-4)/(-6)?
8
Suppose -488 = -b + 155*n - 157*n, 0 = 3*n + 21. What is the remainder when b is divided by 46?
42
Calculate the remainder when 2*207 - (222 + -216) is divided by 59.
54
Let m(y) = 195*y**2 + 25*y + 49. What is the remainder when m(-2) is divided by 39?
38
Let h(t) = -5*t + 225. Calculate the remainder when h(2) is divided by 33.
17
Suppose 0 = 3*n - 4*u + 12 + 1, 4*n - 12 = -2*u. Calculate the remainder when n*48 - (1 + -1 + 2) is divided by 27.
19
Suppose 5*v + 9675 = 5*q, 0 = 39*q - 43*q + 2*v + 7734. What is the remainder when q is divided by 149?
144
Suppose -152*z + 10017 = -46685 - 109434. What is the remainder when 3287 is divided by z?
8
Suppose -82 = -4*q + 3*f + 134, f + 162 = 3*q. Suppose 16*x = 13*x + q. What is the remainder when (42/(-15))/(4/(-50)) is divided by x?
17
Let n(p) = -p**2 - 4*p - 1. Let t be n(-5). Let d = t - -19. Let i(u) = u**2 + 64*u + 1156. What is the remainder when i(-35) is divided by d?
11
Suppose -69*s + 18140 + 6741 = 70*s. What is the remainder when s is divided by 61?
57
Let w = 84 + 9. Let g = -9343 - -9483. Let h = g - w. What is the remainder when h is divided by 12?
11
Suppose -j = 5*u + 3*j + 31, -4*u + 5*j - 33 = 0. Suppose -7*f = -6*f - 28. What is the remainder when f is divided by 2*(u - (-150)/12)?
6
Let k(u) = 2*u + 10. Let b be k(-4). Suppose -b = -2*i - s, -2*s = -i + 2*s - 17. Calculate the remainder when 46 is divided by 15*(i - (1 + 14/(-5))).
10
Suppose -2*k + 3*v - 13 = -40, -5*k = 3*v - 36. Suppose -4*g - 1 = -13. Let s = g - -23. Calculate the remainder when s is divided by k.
8
Suppose -10280 = 45*n - 152*n + 38298. Calculate the remainder when n is divided by 114.
112
Suppose -j + 8*w = 3*w - 689, 3*w - 2733 = -4*j. What is the remainder when j is divided by 161?
40
Let o(u) = -86 - 9*u + 27 - 79 - 40. What is the remainder when o(-25) is divided by 10?
7
Let g(r) = -10*r - 620. Suppose 5*f - 13 = 2, 5*f = w - 143. Calculate the remainder when w is divided by g(-64).
18
Suppose r + 0*r = 42. Let n = 205 - 203. What is the remainder when (n/(-5))/((-50)/20750) is divided by r?
40
Let p(v) = -v**3 + v + 174. Let r be p(0). Let y = r - 106. Let h(m) = -665*m + 80475. Calculate the remainder when y is divided by h(121).
8
Let y be (-144)/(-14) + (-2)/7. Suppose 0 = 5*a + 2*d - 53, -5*d = -47*a + 44*a + 7. Suppose a*w = y*w - 4. Calculate the remainder when 9 is divided by w.
1
Let z(f) = 3*f - 5. Let m = -552 + 681. Calculate the remainder when m is divided by z(9).
19
What is the remainder when (-26 - (-1974 + -12)) + -24 is divided by 85?
66
Let m = 19873 - 19563. Calculate the remainder when m is divided by 76.
6
Suppose -5*r + 230 = -5*a, -2*r - 3*a = 3*r - 230. Suppose 3*o + 25 - r = 0. Suppose j + o = 2*k - 0*j, j = 3. What is the remainder when 8 is divided by k?
3
Let n(j) = -49*j - 21. Let f(v) = -51*v - 20. Let c(k) = 5*f(k) - 4*n(k). Calculate the remainder when c(-2) is divided by 19.
7
Let n(l) = -58 - 860*l + 886*l - 22*l**2 - 13 + l**3. Calculate the remainder when 338 is divided by n(21).
32
Suppose 45*z = 40*z - 90. Let o = z + 86. Suppose -8 + o = 3*u. Calculate the remainder when 78 is divided by u.
18
Suppose -5*f + 2*f + 177 = 2*a, -5*a = -3*f + 198. What is the remainder when f is divided by 24?
13
Let y = -5507 - -5940. What is the remainder when y is divided by 55?
48
Suppose -18*p + 8922 = 11*p - 7637. What is the remainder when p is divided by 204?
163
Let b be (11 - (-80)/(-15))*(1 - 4). Let c(l) = 4*l + 140. What is the remainder when c(b) is divided by 15?
12
Let j = -3448 - -3527. Calculate the remainder when 9319 is divided by j.
76
Suppose 36*n - 5295 + 155 = 2816. What is the remainder when n is divided by 27?
5
Suppose -k - x - 197 + 224 = 0, -k = -5*x - 9. Calculate the remainder when 95 is divided by k.
23
Let x(d) = -85*d - 5185. Calculate the remainder when 7732 is divided by x(-62).
82
Let l(c) = -9*c + 67. Let m be l(7). Suppose -4*u - o = -u - 1049, 1399 = m*u + o. Calculate the remainder when u is divided by 44.
42
Calculate the remainder when 1973 is divided by (((-322)/21)/23)/(4/(-282)).
46
Suppose -184*c + 12815 + 26745 = 0. What is the remainder when 538 is divided by c?
108
Let t(o) = 4*o - 7. Let m be t(3). Let y = -15 - m. Let q = 31 + y. What is the remainder when 52 is divided by q?
8
Let u be (17 - (1 + 2))*8. Suppose 0 = 3*t - 181 + u. What is the remainder when t is divided by 7?
2
Suppose -103 = -n - 5*l, 58*n - 4*l = 61*n - 210. Calculate the remainder when n is divided by 31 + (4 - 1 - 1).
25
Suppose 3*w + s = -87, -4*s + 3 = -2*w - 69. Calculate the remainder when 341 is divided by (w/(-9))/(-10)*-171.
56
Let w(c) = -c**3 + 15*c**2 + 67